er when k is divided by a.
21
Let y(b) = 13*b + 83. Let x be y(-6). Let t(s) be the first derivative of s**2 - s - 1. Calculate the remainder when 33 is divided by t(x).
6
Suppose -28*o - 1779 = -6147. What is the remainder when o is divided by 18?
12
Let b = 59 + 28. Let n = b + -64. Calculate the remainder when n is divided by 13.
10
Suppose 5*b = 5*h - 705, -b = h + 86 + 47. Let a = 324 + b. What is the remainder when a is divided by 38?
35
Let l be (-120)/(-9)*36/15. Let i = l - 22. Let o(j) = 3*j - 21. Calculate the remainder when 24 is divided by o(i).
6
Suppose -30 = n - 4*r - 7, 0 = 4*n - 2*r + 36. Let o be (-4)/(-14) - 26/n. Suppose 54 = o*x + 14. Calculate the remainder when 19 is divided by x.
9
Suppose -y = 3*n - 14 - 51, -4*y - 60 = -4*n. Calculate the remainder when n is divided by (-50)/(-4) + (-3)/6.
8
Suppose -3*n - 110 - 43 = 0. Let b = 13 - 2. Calculate the remainder when (38/6)/((-17)/n) is divided by b.
8
Suppose -7*s + 2*s + 145 = 0. Let p = 73 - s. What is the remainder when p is divided by 12?
8
Let w(s) = 32*s**2 + 16*s + 8. Let f be (-4)/(-6)*(-6)/(-4). Calculate the remainder when (f - 0) + 1 + 45 is divided by w(-1).
23
Let a = -65 - -7. Let r be -3 - 1 - -3 - a. Let w = r - 28. What is the remainder when w is divided by 10?
9
Let f = -742 + 752. Calculate the remainder when 88 is divided by f.
8
Let s(m) = 2*m**3 - 10*m**2 + 8*m - 6. What is the remainder when s(6) is divided by (152/(-48) + 1)*-6?
10
Let i be 0 + 1 - (-1704)/12. Suppose 2*p = 5*c + i, 2*p + 5*c - 153 = -0*p. Suppose 0 = -g - 0 + p. What is the remainder when g is divided by 15?
14
Let y(k) = -k**3 + 16*k**2 - 15*k + 10. Let a(q) = 2*q**2 - 2*q + 17. What is the remainder when a(5) is divided by y(15)?
7
Let x(q) be the third derivative of -q**6/120 - q**5/5 + 7*q**4/12 + 10*q**3/3 - 13*q**2. Let s = -21 - -8. What is the remainder when 33 is divided by x(s)?
5
What is the remainder when (15 - 7) + -11 + 40 is divided by (-107)/(-5) + 2/(-5)?
16
Let k(b) be the first derivative of -2*b**3/3 - b**2/2 + 32*b - 4. Calculate the remainder when k(0) is divided by 19.
13
Let v(c) = 3*c**3 - c. Let b be v(1). Suppose 4*t - w - 21 + 4 = 0, -14 = -3*t + b*w. Calculate the remainder when 37 is divided by 33*(t + 11/(-3)).
4
What is the remainder when (-1071)/(-238)*(-188)/(-9) is divided by 59?
35
Suppose 14*q + q = 1050. Calculate the remainder when q is divided by 40.
30
Let d = -71 - -73. Suppose -16 = -k + d*v, v - 40 = -3*k + 3*v. What is the remainder when k is divided by 7?
5
Let o = -31 - -36. Suppose -3*c = 3*u - 18, -o*u - 13 = -3*c - 3. Suppose c*i = 2*h - 35, -3*h - i = 4*i - 40. What is the remainder when 59 is divided by h?
14
Suppose 13 = a + 2*c, 2*c - 23 = -2*a + 3. Let j(z) = 2*z**3 + 8*z**2 - z - z**3 - z + 7. Calculate the remainder when j(-8) is divided by a.
10
Suppose 3*k + 59 = 218. Let o = 322 - 295. What is the remainder when k is divided by o?
26
Let k(i) = 12*i + 21. Let t(p) = 4*p + 7. Let b(o) = -3*k(o) + 8*t(o). Let f = -7 - -10. What is the remainder when b(-5) is divided by f?
1
Let r(h) = -h**3 + 8*h**2 - 8*h + 35. Calculate the remainder when 75 is divided by r(7).
19
Let m(l) = 6*l**2 - 7*l - 10. Calculate the remainder when m(-4) is divided by 17.
12
Let s(p) = 24*p - 118. What is the remainder when s(8) is divided by 15?
14
Suppose -2*d = -5*b + 548, 2*b - 192 = -d + 20. What is the remainder when b is divided by 22?
20
Let y = -2 - -4. Suppose 10 = 3*k - 2*f + f, 0 = -k + 5*f + 22. Calculate the remainder when y is divided by -3 - k/((-8)/20).
0
Let k be (-273)/14*(1 - 19/3). Let o = 121 - k. Calculate the remainder when 48 is divided by o.
14
Let h = 1659 + -1536. Calculate the remainder when 2089 is divided by h.
121
Let b(u) = -3*u + 10. Let k be b(5). Let q(c) = -c**3 - 5*c**2 - c - 1. Let y be q(k). What is the remainder when (3 + (-48)/y)*-1 is divided by 5?
4
Suppose -8*d + 6*d = 8, -5*d = 4*i - 164. What is the remainder when 133 is divided by i?
41
Let o(a) = 2*a + 21. Let d be o(10). Let g = 56 - d. Calculate the remainder when g is divided by 4.
3
Suppose 4*g = 2*g + 4, 3*b + 2*g - 955 = 0. Let w = b + -224. What is the remainder when w is divided by 25?
18
Suppose 5*y - y = 16. Suppose -2*a - 3*z + 8 = -y*z, -35 = -5*a - 5*z. Let d = -9 + 16. What is the remainder when d is divided by a?
2
Suppose -15 = 3*h, -4*h = -5*c - h + 30. Suppose c*k + l + 4 = -4*l, k - 27 = 4*l. What is the remainder when 33 is divided by k?
5
What is the remainder when (1880/50)/(-3*(-2)/15) is divided by 50?
44
Suppose 0 = -3*c + 3 - 9. What is the remainder when c/(-16) + 910/16 is divided by 12?
9
Suppose -w + 5*b - 191 = -5*w, -3*w + 4*b = -120. What is the remainder when 83 is divided by w?
39
Suppose 0 = -112*z + 6010 + 1830. Suppose -833 = -4*w - 3*m, 621 = w + 2*w + m. Calculate the remainder when w is divided by z.
66
Let h be -177*(-6 - (4 - 9)). Let w = h - 125. Calculate the remainder when w is divided by 27.
25
Suppose 6*m = 3 + 9. Suppose 0 = m*w + 3*w - 80. Let r = 117 - 55. Calculate the remainder when r is divided by w.
14
Let o(r) = -r**2 + 13. Suppose -3*f - 5*f - 640 = 0. Let p = -73 - f. Calculate the remainder when o(0) is divided by p.
6
Let q be (-2 + (179 - -1))*-1. Let u = 249 + q. Calculate the remainder when u is divided by 18.
17
Let z(i) = 10*i - 465. What is the remainder when 273 is divided by z(49)?
23
Suppose 641 = -8*v - 1679. Let h = v + 294. Let w(x) = x**2 - 3*x - 1. Calculate the remainder when h is divided by w(4).
1
Suppose s = 4*r + 1 - 2, -5*r = -s - 4. Calculate the remainder when (11/3 - 4)*-15 + 60 is divided by s.
10
Let r(y) = 4*y**3 - 5*y - 2. Suppose -2*a + 7 = -2*f + 111, 0 = -4*f - a + 233. Calculate the remainder when f is divided by r(2).
17
Let r = -242 + 279. What is the remainder when 105 is divided by r?
31
Let p = 361 - 328. Calculate the remainder when 87 is divided by p.
21
Let k(q) = q**3 + 11*q**2 - q + 1. What is the remainder when ((-34)/6)/(5/(-30)) is divided by k(-11)?
10
Suppose g - 139 = -5*o, -g + 2*g = -4*o + 111. Calculate the remainder when 54*(45/2)/15 is divided by o.
25
Suppose -52*c = -3358 - 10110. Calculate the remainder when c is divided by 73.
40
Suppose 0*o - 2*o - 17 = -t, -5*t + 5*o = -85. What is the remainder when (-21)/7 - -26 - -5 is divided by t?
11
Suppose n + 34 = 5*k - 9, 4*k - 3*n = 41. Suppose -4*h = -k + 364. What is the remainder when 18 is divided by h/(-13) + (-4)/(-26)?
4
Suppose 4*s = 12, -87 = -5*m + 4*s + 16. What is the remainder when m is divided by 22?
1
Calculate the remainder when 74 is divided by (798/84)/(3/6).
17
Suppose 4*p - j - 250 = 0, 0*p - 199 = -3*p - 5*j. What is the remainder when p is divided by 21?
0
Suppose 3*l = -2*w + 38, -5*l - 4*w + 57 = -9. What is the remainder when l is divided by 2?
0
Suppose -17 = -2*a + 9. Suppose -297 = -z - 2*z. Suppose -5*t + w = -w - 114, 0 = -4*t - w + z. Calculate the remainder when t is divided by a.
11
Let b be 14/(-8) - 18/(-24). Let c = 13 - b. Let f(a) = 3*a**2 + 2*a. What is the remainder when f(-4) is divided by c?
12
Let n = 7 - -15. Let c be 6/(-33) + 42/(-11). Let o = n + c. Calculate the remainder when 70 is divided by o.
16
Suppose 2*s - 6*s + 340 = 0. Calculate the remainder when 509 is divided by s.
84
Suppose -12 = -j + 4. What is the remainder when (119/5 - 1)/((-1728)/(-120) + -14) is divided by j?
9
Let a = 36 + 47. Suppose 85*j - 26 = a*j. Calculate the remainder when j is divided by 4.
1
Suppose -z - 5*j = -729, -5 = j - 0. Calculate the remainder when z is divided by 63.
61
Let h(a) = -a**3 + 14*a**2 + 15*a + 19. Let k be h(15). Let u = 44 - k. What is the remainder when 97 is divided by u?
22
Let q = -623 + 706. Calculate the remainder when q is divided by 44.
39
Suppose -5*c + 4*c + 4 = v, 0 = 3*v + 5*c - 20. Suppose -3*t - 2*a + 36 = v, 2*a - 71 = -4*t + 7*a. What is the remainder when 68 is divided by t?
12
Let k = 1612 - 1544. Calculate the remainder when k is divided by 41.
27
Let g(o) = o**2 - 8*o + 32. Calculate the remainder when 95 is divided by g(4).
15
Suppose 5*g - 67 = -2*r, -17*r + 189 = -13*r - g. Calculate the remainder when r is divided by 19.
8
Suppose -75 = -2*j + 7*j. Calculate the remainder when ((-143)/(-5) + j/25)*1 is divided by